 208, 2*g - 4 = 3*g. Let w be r/(1 + 3) + (-2)/2. Let n = w + 65. What is the units digit of n?
8
Let m(j) be the second derivative of 7*j**3/3 + 5*j**2 + j. Suppose 3*h + 42 - 27 = 4*y, 0 = -h + 3. What is the tens digit of m(y)?
9
Suppose 456255 - 149061 + 202098 = 18*r. What is the thousands digit of r?
8
Suppose 0 = 7*a - 12*a - 3*t + 216858, 5*a - 216870 = -5*t. What is the ten thousands digit of a?
4
Let n(q) = -312*q + 8031. What is the hundreds digit of n(0)?
0
Suppose -u = -2*x + 11642, -14*u = 5*x - 11*u - 29072. What is the units digit of x?
8
Let y = 188 + -185. Suppose -565 = -y*f - 9*j + 11*j, 2*f - 379 = -j. What is the units digit of f?
9
Let y = 253 + -193. Let j = y - -206. What is the units digit of j?
6
Let a(g) be the second derivative of 27*g**3/2 - 54*g**2 + 9*g + 1. What is the hundreds digit of a(11)?
7
Suppose 6808 = 11*o - 38688. Suppose -12*k + k = -o. What is the units digit of k?
6
Let j(t) = 2138*t**2 - 33*t - 8. What is the thousands digit of j(3)?
9
Let y(a) = a**3 - 3*a**2 + 3*a - 7. Let k be y(3). Let q be -2 - (3 - (2 - -3)*k). What is the tens digit of ((-2)/(4/6))/(q/(-95))?
5
Let p = 39 + -40. What is the hundreds digit of (25/(-15) - p)/(4/(-942))?
1
Let y(u) = 573*u + 467. What is the units digit of y(6)?
5
Suppose 0 = -q + 2*u + 538, 5*q + 659 - 3334 = 5*u. Suppose -6*x - 2*w = -2*x - q, x = -2*w + 136. What is the units digit of x?
2
Suppose 10*u - 360 = 28*u. What is the units digit of (-2 - 3)*(4/u + 0)?
1
Let m be (3/2)/(2/4). Let a(b) = -47*b**2 + 323*b - 2. Let k be a(4). Suppose 0 = c - i - 218 + 36, -m*c = 5*i - k. What is the tens digit of c?
8
Let q = 191 + -109. Let u = q + 130. Let l = u - 144. What is the units digit of l?
8
Let g be (-96)/(-56) + (-2)/(-7). Suppose -c + 0*c + 4*x = 3, -3*x - g = -5*c. What is the units digit of (-24 - (4 + -2))*(-2 + c)?
6
Let s be (8/6)/((176/(-24))/(-11)). Suppose -s*p - 10*p = -16248. What is the hundreds digit of p?
3
Let l(k) = 60*k + 228. Let v(s) = -2*s + 2. Let a(f) = -l(f) + 4*v(f). What is the units digit of a(-17)?
6
Let r(a) = 2*a**3 - 6*a**2 + 3*a + 7. Let o be r(5). Suppose -6*b + 5*b - 5*d + 53 = 0, -b = 3*d - 47. Let p = o - b. What is the tens digit of p?
8
Let n(k) = k**3 - k**2 + 5. Let y be n(0). Suppose -y*t = 2*t - 896. Let m = t - 123. What is the units digit of m?
5
Let r(h) = -h**3 + 2*h**2 + 54*h - 18. Let n be r(-13). Let a = n + -766. What is the thousands digit of a?
1
Let u(q) = -q**3 + 2*q**2 + 3*q - 1. Let a be u(2). Suppose -2*w = 14, 47*x - w = 42*x + 37. What is the tens digit of a*x/90 + (-257)/(-3)?
8
Let u = -19 + 48. Let m(a) = 0 - u*a + 2 + a - 35*a. What is the tens digit of m(-2)?
2
Suppose -77 = -12*s - 17. Let h(d) = -d + 3*d**2 + 0*d - 6 + d**2. What is the units digit of h(s)?
9
Let h be ((-16)/(-16))/(2/(-4)). What is the hundreds digit of 553 + (-18)/(12/h)?
5
Let y(m) = 244*m**3 + 81*m**2 - 368*m - 10. What is the tens digit of y(5)?
7
Suppose 0 = 4*j - 4*p - 32, j - 3*p = p + 8. Suppose -3*o + 680 = k - j*o, -k - 3*o + 704 = 0. What is the hundreds digit of k?
6
What is the units digit of (-203781)/(-33) + 12/(-66)?
5
Suppose 4*d - 3*f - 47611 = -0*f, 2*f + 59519 = 5*d. What is the tens digit of (-1)/((-26)/(-4)) - d/(-65)?
8
Suppose -4*r - 3*k = 2*k + 343, -4*r + 2*k = 350. Let w = 93 + r. Suppose 7*b = w*b + 137. What is the hundreds digit of b?
1
Let b = -878 + 486. Let z = 334 - b. What is the tens digit of z?
2
Suppose -123 = 3*s + 5*b, 5*s - 3*b + 65 = -174. Let y = -28 - s. Let k = y + 54. What is the tens digit of k?
7
Let a(z) be the third derivative of -z**5/60 - 5*z**4/12 - 23*z**3/6 + 34*z**2. Let t be a(-5). Suppose t*m - 7 = 371. What is the hundreds digit of m?
1
Suppose -14*x + 60 = -17*x. Let f = -3 + -2. What is the tens digit of (-4)/(64/(-4500)) - f/x?
8
Let h(b) = b**3 + 12*b**2 - 27*b + 32. Let c be h(-14). What is the hundreds digit of (-852)/c*144/(-6)?
1
Suppose -310 - 505 = -5*y. Let u = y + 299. What is the hundreds digit of u?
4
Let h = 3 + 1. Suppose -3*g + h*n + 764 = 0, -3*g + 2*n + 758 = n. What is the tens digit of g?
5
Let a(i) = 44*i**2 + 337. What is the thousands digit of a(-28)?
4
What is the units digit of 3/9 - (7756/(-6) - -11)?
2
Let i(r) = 2918*r + 4. Let c be i(1). Let b = 4770 - c. Suppose 5*g - b = -9*g. What is the hundreds digit of g?
1
Let l(r) = 3970*r + 998. What is the ten thousands digit of l(3)?
1
Suppose 0 = -y + 4*b + 3837, -102*y + 101*y + 3*b = -3839. What is the hundreds digit of y?
8
Let r = 20 - 17. Suppose r*l - 7*l = -3*l. Suppose l = -z - 2*p + 44, 3*z = -3*p + 112 + 14. What is the units digit of z?
0
Suppose -217*i = -223*i + 12. Suppose i*d + 2*d + 524 = 2*z, -2*z - 2*d + 542 = 0. What is the hundreds digit of z?
2
Let f(r) = 9*r**2 - 3*r + 4. Let o(g) = -g**2 + g - 1. Let u(h) = f(h) + 4*o(h). Let j be u(6). Suppose 0 = 5*n + n - j. What is the tens digit of n?
3
Suppose 25*n + 7312 = 21962. Let u = n + 163. What is the units digit of u?
9
Suppose 3*o - 8*o + 14790 = 5*c, -c = 0. What is the thousands digit of o?
2
Suppose 0 = 4*i + 3*f - 4335, 0*f + 2*f = -2*i + 2166. Let j = -580 + i. What is the units digit of j?
6
Suppose -5 = -5*b, 3*u - 16240 = -3*b - 2293. What is the units digit of u?
8
Let w(g) = 464*g**2 - 36*g + 257. What is the tens digit of w(6)?
4
Let n = 795 + -782. Suppose -4520 = -n*h + 9026. What is the tens digit of h?
4
Let d(n) = -1662*n**3 - 4*n**2 - n + 3. Let i be d(-1). Suppose 13548 = 18*z - i. What is the hundreds digit of z?
8
Let c be ((-1)/(2 + -1))/1. Suppose m - 82 = -4*f + 27, -m = 2*f - 101. Let k = m - c. What is the tens digit of k?
9
Let m be (10/8)/((8/32)/1). What is the tens digit of (m - 8)*-2 - -336?
4
Let u(j) = 9739*j**2 - 184*j - 328. What is the units digit of u(-2)?
6
Let n(l) = 60*l**2 + 66*l - 2543. What is the thousands digit of n(27)?
2
Let o(n) = n**3 + 10*n**2 + 3*n + 12. Let z be o(-9). Let f = z - 96. What is the units digit of (-1474)/f + 10/(-75)?
9
Let w be (3 + -2 + 1)/((-8)/(-12)). Suppose -3*f + 2*x + 2*x - 16 = 0, 3*f + w*x - 12 = 0. What is the units digit of f/(-7 - -3) + 102?
2
Let c = -212 + 206. Let n(g) = 20*g - 38. Let k(u) = -u + 1. Let v(w) = -36*k(w) - 2*n(w). What is the units digit of v(c)?
4
Let m = 1393 + -135. What is the hundreds digit of m?
2
Suppose -80 = a - 72. What is the tens digit of 3 + (-64)/24*678/a?
2
Let p(t) = 25*t + 4. Suppose -3*c - 3*x = 18, -c - x - 2 = -2*x. Let i be 33/9 + (c/(-12) - 1). What is the tens digit of p(i)?
7
Suppose -3*z + 16 = z, 123 = 5*g - 3*z. What is the tens digit of ((-18)/g)/(18/(-26433))?
7
What is the thousands digit of 1 + 13560 - (108/(-12) + 15)?
3
Let h = -104 - -98. Suppose -87 = 3*s - 4*v + 11, 5*v - 130 = 4*s. What is the tens digit of (32/s + h/10)*-75?
2
Suppose -4*d + 2*d + 13452 = -5*n, -3*d + 20136 = 3*n. What is the tens digit of d?
1
Let k(q) = -716*q - 6. Let p(y) = -1435*y - 11. Let t(o) = 7*k(o) - 4*p(o). What is the hundreds digit of t(1)?
7
Let o = 15770 - 6515. Let v be o/105 - 2/14. Suppose 0 = n - 0*b - 2*b - v, 0 = n - 5*b - 91. What is the tens digit of n?
8
Let r be -2 - 1*-9 - (15 - 12). Suppose -2*w = 3*j - 137, r*w + 5*j - 182 - 93 = 0. Let q = 5 + w. What is the units digit of q?
5
Suppose -42*l = -464765 - 870205. What is the ten thousands digit of l?
3
Let d(j) be the first derivative of 14*j**2 - 4*j - 871. Suppose m + i = 0, -2*m = -5*m - 4*i - 4. What is the units digit of d(m)?
8
Let a = -351 + 355. Suppose a = n, 4*y + 3*n = 250 + 2650. What is the units digit of y?
2
Suppose 3*a + 53 = 4*a. Let z be ((-3)/(-1) + -2)*a. Suppose -3*b - 2*u + 25 = 0, -3*b - u + 6*u = -z. What is the units digit of b?
1
Suppose 3*r - 74221 = -2*j, 2*j - 27*r - 74197 = -22*r. What is the thousands digit of j?
7
Suppose 0*y - y + 10 = 0. Suppose -5*l - y = 0, 1255 = 5*b - 5*l - 2310. What is the units digit of (-6)/(-8) + b/12?
0
Suppose 6*n + 28 = 2*n. Let j(l) = -6*l + 15. Let p(s) = 5*s - 15. Let m(b) = 6*j(b) + 4*p(b). What is the tens digit of m(n)?
4
Let l be 420 + 7 - (-2 + (-1 - 0)). What is the units digit of l/(0 + 4*3/12)?
0
Suppose 6*v = 313 + 1859. Let i = v - 349. What is the units digit of i?
3
Let t(h) = -18*h + 1. Let a be 76/(-19) - 2*1*-1. Let p be a/(-2) + 45/(-9). What is the tens d